{"id":6064,"date":"2019-09-08T22:15:48","date_gmt":"2019-09-08T21:15:48","guid":{"rendered":"http:\/\/www.hericsportsloisirs.fr\/blog\/?post_type=tribe_events&#038;p=5226"},"modified":"2021-06-21T07:51:48","modified_gmt":"2021-06-21T06:51:48","slug":"randonnee-a-saint-emilien-2","status":"publish","type":"tribe_events","link":"https:\/\/www.hericsportsloisirs.fr\/blog\/evenement\/randonnee-a-saint-emilien-2\/","title":{"rendered":"Randonn\u00e9e \u00e0 Saint Emilien => Annul\u00e9e"},"content":{"rendered":"<p><span style=\"color: #ff0000;\">Annul\u00e9e<\/span><\/p>\n<p>Organis\u00e9e par Muriel et Fran\u00e7ois. Randonn\u00e9e de 8 kms. D\u00e9part \u00e0 19h00. Pr\u00e9voir son pique-nique.<\/p>\n<p>Saint-\u00c9milien-de-Blain se situe au sud-est de la commune, \u00e0 5\u00a0<abbr class=\"abbr\" title=\"kilom\u00e8tre\">km<\/abbr> au nord-ouest du bourg d&rsquo;<a title=\"H\u00e9ric\" href=\"https:\/\/fr.wikipedia.org\/wiki\/H%C3%A9ric\">H\u00e9ric<\/a>, 8\u00a0<abbr class=\"abbr\" title=\"kilom\u00e8tre\">km<\/abbr> au sud-est du bourg de <a title=\"Blain\" href=\"https:\/\/fr.wikipedia.org\/wiki\/Blain\">Blain<\/a> et 6\u00a0<abbr class=\"abbr\" title=\"kilom\u00e8tre\">km<\/abbr> au nord de <a title=\"Notre-Dame-des-Landes\" href=\"https:\/\/fr.wikipedia.org\/wiki\/Notre-Dame-des-Landes\">Notre-Dame-des-Landes<\/a>.<\/p>\n<p><a href=\"https:\/\/www.hericsportsloisirs.fr\/blog\/wp-content\/uploads\/2019\/09\/image-19.jpeg\"><img loading=\"lazy\" decoding=\"async\" class=\"alignnone size-medium wp-image-6068\" src=\"https:\/\/www.hericsportsloisirs.fr\/blog\/wp-content\/uploads\/2019\/09\/image-19-201x300.jpeg\" alt=\"\" width=\"201\" height=\"300\" \/><\/a><\/p>\n<p><a href=\"https:\/\/www.hericsportsloisirs.fr\/blog\/wp-content\/uploads\/2019\/09\/image-51.png\"><img loading=\"lazy\" decoding=\"async\" class=\"alignnone size-medium wp-image-6073\" src=\"https:\/\/www.hericsportsloisirs.fr\/blog\/wp-content\/uploads\/2019\/09\/image-51-300x225.png\" alt=\"\" width=\"300\" height=\"225\" \/><\/a><\/p>\n<p>&nbsp;<\/p>\n<p>&nbsp;<\/p>\n","protected":false},"excerpt":{"rendered":"<p>Annul\u00e9e Organis\u00e9e par Muriel et Fran\u00e7ois. Randonn\u00e9e de 8 kms. D\u00e9part \u00e0 19h00. Pr\u00e9voir son pique-nique. Saint-\u00c9milien-de-Blain se situe au sud-est de la commune, \u00e0 5\u00a0km au nord-ouest du bourg [&hellip;]<\/p>\n","protected":false},"author":6,"featured_media":0,"template":"","meta":{"_tribe_events_status":"","_tribe_events_status_reason":"","footnotes":""},"tags":[51,49],"tribe_events_cat":[30],"class_list":["post-6064","tribe_events","type-tribe_events","status-publish","hentry","tag-agenda-randonnee","tag-randonnee","tribe_events_cat-evt-randonnee","cat_evt-randonnee"],"_links":{"self":[{"href":"https:\/\/www.hericsportsloisirs.fr\/blog\/wp-json\/wp\/v2\/tribe_events\/6064","targetHints":{"allow":["GET"]}}],"collection":[{"href":"https:\/\/www.hericsportsloisirs.fr\/blog\/wp-json\/wp\/v2\/tribe_events"}],"about":[{"href":"https:\/\/www.hericsportsloisirs.fr\/blog\/wp-json\/wp\/v2\/types\/tribe_events"}],"author":[{"embeddable":true,"href":"https:\/\/www.hericsportsloisirs.fr\/blog\/wp-json\/wp\/v2\/users\/6"}],"version-history":[{"count":4,"href":"https:\/\/www.hericsportsloisirs.fr\/blog\/wp-json\/wp\/v2\/tribe_events\/6064\/revisions"}],"predecessor-version":[{"id":6351,"href":"https:\/\/www.hericsportsloisirs.fr\/blog\/wp-json\/wp\/v2\/tribe_events\/6064\/revisions\/6351"}],"wp:attachment":[{"href":"https:\/\/www.hericsportsloisirs.fr\/blog\/wp-json\/wp\/v2\/media?parent=6064"}],"wp:term":[{"taxonomy":"post_tag","embeddable":true,"href":"https:\/\/www.hericsportsloisirs.fr\/blog\/wp-json\/wp\/v2\/tags?post=6064"},{"taxonomy":"tribe_events_cat","embeddable":true,"href":"https:\/\/www.hericsportsloisirs.fr\/blog\/wp-json\/wp\/v2\/tribe_events_cat?post=6064"}],"curies":[{"name":"wp","href":"https:\/\/api.w.org\/{rel}","templated":true}]}}

Randonnée à Saint Emilien => Annulée

<p><span style="color: #ff0000;">Annulée</span></p>
<p>Organisée par Muriel et François. Randonnée de 8 kms. Départ à 19h00. Prévoir son pique-nique.</p>
<p>Saint-Émilien-de-Blain se situe au sud-est de la commune, à 5 <abbr class="abbr" title="kilomètre">km</abbr> au nord-ouest du bourg d&rsquo;<a title="Héric" href="https://fr.wikipedia.org/wiki/H%C3%A9ric">Héric</a>, 8 <abbr class="abbr" title="kilomètre">km</abbr> au sud-est du bourg de <a title="Blain" href="https://fr.wikipedia.org/wiki/Blain">Blain</a> et 6 <abbr class="abbr" title="kilomètre">km</abbr> au nord de <a title="Notre-Dame-des-Landes" href="https://fr.wikipedia.org/wiki/Notre-Dame-des-Landes">Notre-Dame-des-Landes</a>.</p>
<p><a href="https://www.hericsportsloisirs.fr/blog/wp-content/uploads/2019/09/image-19.jpeg"><img loading="lazy" decoding="async" class="alignnone size-medium wp-image-6068" src="https://www.hericsportsloisirs.fr/blog/wp-content/uploads/2019/09/image-19-201x300.jpeg" alt="" width="201" height="300" /></a></p>
<p><a href="https://www.hericsportsloisirs.fr/blog/wp-content/uploads/2019/09/image-51.png"><img loading="lazy" decoding="async" class="alignnone size-medium wp-image-6073" src="https://www.hericsportsloisirs.fr/blog/wp-content/uploads/2019/09/image-51-300x225.png" alt="" width="300" height="225" /></a></p>
<p>&nbsp;</p>
<p>&nbsp;</p>

<p>Annulée Organisée par Muriel et François. Randonnée de 8 kms. Départ à 19h00. Prévoir son pique-nique. Saint-Émilien-de-Blain se situe au sud-est de la commune, à 5 km au nord-ouest du bourg [&hellip;]</p>
