{"id":6028,"date":"2019-09-08T22:15:48","date_gmt":"2019-09-08T21:15:48","guid":{"rendered":"http:\/\/www.hericsportsloisirs.fr\/blog\/?post_type=tribe_events&#038;p=5226"},"modified":"2021-01-10T10:36:31","modified_gmt":"2021-01-10T09:36:31","slug":"randonnee-a-plesse-4","status":"publish","type":"tribe_events","link":"https:\/\/www.hericsportsloisirs.fr\/blog\/evenement\/randonnee-a-plesse-4\/","title":{"rendered":"Randonn\u00e9e \u00e0 Pless\u00e9 => Annul\u00e9e"},"content":{"rendered":"<p><span style=\"color: #ff0000;\">Randonn\u00e9e Annul\u00e9e<\/span><\/p>\n<p>Organis\u00e9e par Claudine et Yves. Randonn\u00e9e de 8 kms. D\u00e9part \u00e0 13h30.<\/p>\n<p>Pless\u00e9 est bord\u00e9e \u00e0 l&rsquo;Est par la for\u00eat du G\u00e2vre, le canal de Nantes \u00e0 Brest au Sud, les communes de Gu\u00e9men\u00e9-Penfao et Avessac au nord, et F\u00e9gr\u00e9ac et Guenrou\u00ebt \u00e0 l&rsquo;ouest. La plus grande ville \u00e0 proximit\u00e9 de Pless\u00e9 est la ville de Redon situ\u00e9e au Nord-Ouest de la commune \u00e0 19 km. Le canal de Nantes \u00e0 Brest est le principal cours d&rsquo;eau qui borde au sud la commune de Pless\u00e9.<\/p>\n<p><a href=\"https:\/\/www.hericsportsloisirs.fr\/blog\/wp-content\/uploads\/2019\/09\/image-6.jpeg\"><img loading=\"lazy\" decoding=\"async\" class=\"alignnone size-full wp-image-6029\" src=\"https:\/\/www.hericsportsloisirs.fr\/blog\/wp-content\/uploads\/2019\/09\/image-6.jpeg\" alt=\"\" width=\"259\" height=\"194\" \/><\/a><a href=\"https:\/\/www.hericsportsloisirs.fr\/blog\/wp-content\/uploads\/2019\/09\/image-8.jpeg\"><img loading=\"lazy\" decoding=\"async\" class=\"alignnone size-full wp-image-6033\" src=\"https:\/\/www.hericsportsloisirs.fr\/blog\/wp-content\/uploads\/2019\/09\/image-8.jpeg\" alt=\"\" width=\"226\" height=\"150\" \/><\/a><\/p>\n<p>&nbsp;<\/p>\n<div class=\"introduction\">\n<p>&nbsp;<\/p>\n<\/div>\n","protected":false},"excerpt":{"rendered":"<p>Randonn\u00e9e Annul\u00e9e Organis\u00e9e par Claudine et Yves. Randonn\u00e9e de 8 kms. D\u00e9part \u00e0 13h30. Pless\u00e9 est bord\u00e9e \u00e0 l&rsquo;Est par la for\u00eat du G\u00e2vre, le canal de Nantes \u00e0 Brest [&hellip;]<\/p>\n","protected":false},"author":6,"featured_media":0,"template":"","meta":{"_tribe_events_status":"","_tribe_events_status_reason":"","footnotes":""},"tags":[51,49],"tribe_events_cat":[30],"class_list":["post-6028","tribe_events","type-tribe_events","status-publish","hentry","tag-agenda-randonnee","tag-randonnee","tribe_events_cat-evt-randonnee","cat_evt-randonnee"],"_links":{"self":[{"href":"https:\/\/www.hericsportsloisirs.fr\/blog\/wp-json\/wp\/v2\/tribe_events\/6028","targetHints":{"allow":["GET"]}}],"collection":[{"href":"https:\/\/www.hericsportsloisirs.fr\/blog\/wp-json\/wp\/v2\/tribe_events"}],"about":[{"href":"https:\/\/www.hericsportsloisirs.fr\/blog\/wp-json\/wp\/v2\/types\/tribe_events"}],"author":[{"embeddable":true,"href":"https:\/\/www.hericsportsloisirs.fr\/blog\/wp-json\/wp\/v2\/users\/6"}],"version-history":[{"count":4,"href":"https:\/\/www.hericsportsloisirs.fr\/blog\/wp-json\/wp\/v2\/tribe_events\/6028\/revisions"}],"predecessor-version":[{"id":6262,"href":"https:\/\/www.hericsportsloisirs.fr\/blog\/wp-json\/wp\/v2\/tribe_events\/6028\/revisions\/6262"}],"wp:attachment":[{"href":"https:\/\/www.hericsportsloisirs.fr\/blog\/wp-json\/wp\/v2\/media?parent=6028"}],"wp:term":[{"taxonomy":"post_tag","embeddable":true,"href":"https:\/\/www.hericsportsloisirs.fr\/blog\/wp-json\/wp\/v2\/tags?post=6028"},{"taxonomy":"tribe_events_cat","embeddable":true,"href":"https:\/\/www.hericsportsloisirs.fr\/blog\/wp-json\/wp\/v2\/tribe_events_cat?post=6028"}],"curies":[{"name":"wp","href":"https:\/\/api.w.org\/{rel}","templated":true}]}}

Randonnée à Plessé => Annulée

<p><span style="color: #ff0000;">Randonnée Annulée</span></p>
<p>Organisée par Claudine et Yves. Randonnée de 8 kms. Départ à 13h30.</p>
<p>Plessé est bordée à l&rsquo;Est par la forêt du Gâvre, le canal de Nantes à Brest au Sud, les communes de Guémené-Penfao et Avessac au nord, et Fégréac et Guenrouët à l&rsquo;ouest. La plus grande ville à proximité de Plessé est la ville de Redon située au Nord-Ouest de la commune à 19 km. Le canal de Nantes à Brest est le principal cours d&rsquo;eau qui borde au sud la commune de Plessé.</p>
<p><a href="https://www.hericsportsloisirs.fr/blog/wp-content/uploads/2019/09/image-6.jpeg"><img loading="lazy" decoding="async" class="alignnone size-full wp-image-6029" src="https://www.hericsportsloisirs.fr/blog/wp-content/uploads/2019/09/image-6.jpeg" alt="" width="259" height="194" /></a><a href="https://www.hericsportsloisirs.fr/blog/wp-content/uploads/2019/09/image-8.jpeg"><img loading="lazy" decoding="async" class="alignnone size-full wp-image-6033" src="https://www.hericsportsloisirs.fr/blog/wp-content/uploads/2019/09/image-8.jpeg" alt="" width="226" height="150" /></a></p>
<p>&nbsp;</p>
<div class="introduction">
<p>&nbsp;</p>
</div>

<p>Randonnée Annulée Organisée par Claudine et Yves. Randonnée de 8 kms. Départ à 13h30. Plessé est bordée à l&rsquo;Est par la forêt du Gâvre, le canal de Nantes à Brest [&hellip;]</p>
