{"id":6003,"date":"2019-09-08T22:15:48","date_gmt":"2019-09-08T21:15:48","guid":{"rendered":"http:\/\/www.hericsportsloisirs.fr\/blog\/?post_type=tribe_events&#038;p=5226"},"modified":"2020-10-31T11:36:12","modified_gmt":"2020-10-31T10:36:12","slug":"randonnee-a-guemene-penfao-2","status":"publish","type":"tribe_events","link":"https:\/\/www.hericsportsloisirs.fr\/blog\/evenement\/randonnee-a-guemene-penfao-2\/","title":{"rendered":"Randonn\u00e9e \u00e0 Gu\u00e9men\u00e9 Penfao => Annul\u00e9e"},"content":{"rendered":"<p><strong><span style=\"color: #ff0000;\">Randonn\u00e9e<\/span><span style=\"color: #ff0000;\"> Annul\u00e9e<\/span><\/strong><\/p>\n<p>Organis\u00e9e par Roselyne et Bruno . Randonn\u00e9e de 8 kms. D\u00e9part \u00e0 8h30<\/p>\n<p class=\"entry-title\">Bienvenue au pays des l\u00e9gendes !<\/p>\n<div class=\"introduction\">\n<p>Vous qui venez ici, sachez que vous entrez dans le pays des l\u00e9gendes&#8230;.<\/p>\n<p>La F\u00e9e Carabosse r\u00f4de partout, jusque que dans les limites de son territoire&#8230;.<\/p>\n<p>Il se dit aussi que c&rsquo;est sur nos terres qu&rsquo;est n\u00e9e la l\u00e9gende de la Blanche Hermine, ch\u00e8re \u00e0 tous les Bretons&#8230;.<\/p>\n<p>Suivez les rochers et les arbres, par les chemins et les sentiers, remontez le temps et d\u00e9couvrez la Vall\u00e9e du Don&#8230;. La rivi\u00e8re de Dana vous conduira jusqu&rsquo;\u00e0 la F\u00e9e Carabosse et peut-\u00eatre pourrez-vous apercevoir la blanche hermine au d\u00e9tour d&rsquo;un bois de h\u00eatre&#8230;.<\/p>\n<\/div>\n<p><a href=\"https:\/\/www.hericsportsloisirs.fr\/blog\/wp-content\/uploads\/2019\/09\/image.jpeg\"><img loading=\"lazy\" decoding=\"async\" class=\"size-medium wp-image-6004\" src=\"https:\/\/www.hericsportsloisirs.fr\/blog\/wp-content\/uploads\/2019\/09\/image-300x200.jpeg\" alt=\"\" width=\"300\" height=\"200\" \/><\/a><\/p>\n<p><a href=\"https:\/\/www.hericsportsloisirs.fr\/blog\/wp-content\/uploads\/2019\/09\/image-1.jpeg\"><img loading=\"lazy\" decoding=\"async\" class=\"alignnone size-full wp-image-6006\" src=\"https:\/\/www.hericsportsloisirs.fr\/blog\/wp-content\/uploads\/2019\/09\/image-1.jpeg\" alt=\"\" width=\"240\" height=\"180\" \/><\/a><\/p>\n","protected":false},"excerpt":{"rendered":"<p>Randonn\u00e9e Annul\u00e9e Organis\u00e9e par Roselyne et Bruno . Randonn\u00e9e de 8 kms. D\u00e9part \u00e0 8h30 Bienvenue au pays des l\u00e9gendes ! Vous qui venez ici, sachez que vous entrez dans [&hellip;]<\/p>\n","protected":false},"author":6,"featured_media":0,"template":"","meta":{"_tribe_events_status":"","_tribe_events_status_reason":"","footnotes":""},"tags":[51,49],"tribe_events_cat":[30],"class_list":["post-6003","tribe_events","type-tribe_events","status-publish","hentry","tag-agenda-randonnee","tag-randonnee","tribe_events_cat-evt-randonnee","cat_evt-randonnee"],"_links":{"self":[{"href":"https:\/\/www.hericsportsloisirs.fr\/blog\/wp-json\/wp\/v2\/tribe_events\/6003","targetHints":{"allow":["GET"]}}],"collection":[{"href":"https:\/\/www.hericsportsloisirs.fr\/blog\/wp-json\/wp\/v2\/tribe_events"}],"about":[{"href":"https:\/\/www.hericsportsloisirs.fr\/blog\/wp-json\/wp\/v2\/types\/tribe_events"}],"author":[{"embeddable":true,"href":"https:\/\/www.hericsportsloisirs.fr\/blog\/wp-json\/wp\/v2\/users\/6"}],"version-history":[{"count":6,"href":"https:\/\/www.hericsportsloisirs.fr\/blog\/wp-json\/wp\/v2\/tribe_events\/6003\/revisions"}],"predecessor-version":[{"id":6179,"href":"https:\/\/www.hericsportsloisirs.fr\/blog\/wp-json\/wp\/v2\/tribe_events\/6003\/revisions\/6179"}],"wp:attachment":[{"href":"https:\/\/www.hericsportsloisirs.fr\/blog\/wp-json\/wp\/v2\/media?parent=6003"}],"wp:term":[{"taxonomy":"post_tag","embeddable":true,"href":"https:\/\/www.hericsportsloisirs.fr\/blog\/wp-json\/wp\/v2\/tags?post=6003"},{"taxonomy":"tribe_events_cat","embeddable":true,"href":"https:\/\/www.hericsportsloisirs.fr\/blog\/wp-json\/wp\/v2\/tribe_events_cat?post=6003"}],"curies":[{"name":"wp","href":"https:\/\/api.w.org\/{rel}","templated":true}]}}

Randonnée à Guémené Penfao => Annulée

<p><strong><span style="color: #ff0000;">Randonnée</span><span style="color: #ff0000;"> Annulée</span></strong></p>
<p>Organisée par Roselyne et Bruno . Randonnée de 8 kms. Départ à 8h30</p>
<p class="entry-title">Bienvenue au pays des légendes !</p>
<div class="introduction">
<p>Vous qui venez ici, sachez que vous entrez dans le pays des légendes&#8230;.</p>
<p>La Fée Carabosse rôde partout, jusque que dans les limites de son territoire&#8230;.</p>
<p>Il se dit aussi que c&rsquo;est sur nos terres qu&rsquo;est née la légende de la Blanche Hermine, chère à tous les Bretons&#8230;.</p>
<p>Suivez les rochers et les arbres, par les chemins et les sentiers, remontez le temps et découvrez la Vallée du Don&#8230;. La rivière de Dana vous conduira jusqu&rsquo;à la Fée Carabosse et peut-être pourrez-vous apercevoir la blanche hermine au détour d&rsquo;un bois de hêtre&#8230;.</p>
</div>
<p><a href="https://www.hericsportsloisirs.fr/blog/wp-content/uploads/2019/09/image.jpeg"><img loading="lazy" decoding="async" class="size-medium wp-image-6004" src="https://www.hericsportsloisirs.fr/blog/wp-content/uploads/2019/09/image-300x200.jpeg" alt="" width="300" height="200" /></a></p>
<p><a href="https://www.hericsportsloisirs.fr/blog/wp-content/uploads/2019/09/image-1.jpeg"><img loading="lazy" decoding="async" class="alignnone size-full wp-image-6006" src="https://www.hericsportsloisirs.fr/blog/wp-content/uploads/2019/09/image-1.jpeg" alt="" width="240" height="180" /></a></p>

<p>Randonnée Annulée Organisée par Roselyne et Bruno . Randonnée de 8 kms. Départ à 8h30 Bienvenue au pays des légendes ! Vous qui venez ici, sachez que vous entrez dans [&hellip;]</p>
