{"id":5236,"date":"2019-09-05T06:26:02","date_gmt":"2019-09-05T05:26:02","guid":{"rendered":"http:\/\/www.hericsportsloisirs.fr\/blog\/?post_type=tribe_events&#038;p=5226"},"modified":"2019-09-08T21:51:24","modified_gmt":"2019-09-08T20:51:24","slug":"randonnee-a-val","status":"publish","type":"tribe_events","link":"https:\/\/www.hericsportsloisirs.fr\/blog\/evenement\/randonnee-a-val\/","title":{"rendered":"Randonn\u00e9e \u00e0 Vay"},"content":{"rendered":"<p>Organis\u00e9e par Th\u00e9r\u00e8se et Bernadette. Randonn\u00e9e de 10 kms. D\u00e9part \u00e0 13h30.<\/p>\n<p>La commune est bord\u00e9e \u00e0 l&rsquo;ouest par la <a title=\"For\u00eat du G\u00e2vre\" href=\"https:\/\/fr.wikipedia.org\/wiki\/For%C3%AAt_du_G%C3%A2vre\">for\u00eat domaniale du G\u00e2vre<\/a>.\u00a0L&rsquo;\u00e9tang de Cl\u00e9greuc, sur le territoire de la commune, a une superficie de<span class=\"Apple-converted-space\">\u00a0<\/span><span title=\"200\u00a0000 m\u00b2 ou 0,2 km\u00b2\">20<\/span>\u00a0hectares. Il abrite une faune et une flore vari\u00e9es. On y trouve notamment le<span class=\"Apple-converted-space\">\u00a0<\/span><a title=\"Butor \u00e9toil\u00e9\" href=\"https:\/\/fr.wikipedia.org\/wiki\/Butor_%C3%A9toil%C3%A9\">Butor \u00e9toil\u00e9<\/a>, une esp\u00e8ce rare et menac\u00e9e d&rsquo;oiseau, et le<span class=\"Apple-converted-space\">\u00a0<\/span><a class=\"mw-redirect\" title=\"Fl\u00fbteau nageant\" href=\"https:\/\/fr.wikipedia.org\/wiki\/Fl%C3%BBteau_nageant\">fl\u00fbteau nageant<\/a>, une plante vivace, submerg\u00e9e et flottante qui b\u00e9n\u00e9ficie d&rsquo;une protection europ\u00e9enne<sup id=\"cite_ref-4\" class=\"reference\"><\/sup><\/p>\n<p><sup id=\"cite_ref-4\" class=\"reference\"><a href=\"https:\/\/fr.wikipedia.org\/wiki\/Vay#cite_note-4\"> L&rsquo;\u00e9tang est d\u00e9clar\u00e9 <\/a><a title=\"Zone naturelle d'int\u00e9r\u00eat \u00e9cologique, faunistique et floristique\" href=\"https:\/\/fr.wikipedia.org\/wiki\/Zone_naturelle_d%27int%C3%A9r%C3%AAt_%C3%A9cologique,_faunistique_et_floristique\">Zone naturelle d&rsquo;int\u00e9r\u00eat \u00e9cologique, faunistique et floristique<\/a> depuis 1979.<sup id=\"cite_ref-5\" class=\"reference\"><\/sup><\/sup><\/p>\n<p><a href=\"http:\/\/www.hericsportsloisirs.fr\/blog\/wp-content\/uploads\/2019\/09\/image-16.png\"><img loading=\"lazy\" decoding=\"async\" class=\"alignnone size-medium wp-image-5301\" src=\"http:\/\/www.hericsportsloisirs.fr\/blog\/wp-content\/uploads\/2019\/09\/image-16-300x225.png\" alt=\"\" width=\"300\" height=\"225\" \/><\/a>\u00a0\u00a0<a href=\"http:\/\/www.hericsportsloisirs.fr\/blog\/wp-content\/uploads\/2019\/09\/image-17.png\"><img loading=\"lazy\" decoding=\"async\" class=\"alignnone size-medium wp-image-5302\" src=\"http:\/\/www.hericsportsloisirs.fr\/blog\/wp-content\/uploads\/2019\/09\/image-17-300x225.png\" alt=\"\" width=\"300\" height=\"225\" \/><\/a><\/p>\n","protected":false},"excerpt":{"rendered":"<p>Organis\u00e9e par Th\u00e9r\u00e8se et Bernadette. Randonn\u00e9e de 10 kms. D\u00e9part \u00e0 13h30. La commune est bord\u00e9e \u00e0 l&rsquo;ouest par la for\u00eat domaniale du G\u00e2vre.\u00a0L&rsquo;\u00e9tang de Cl\u00e9greuc, sur le territoire de [&hellip;]<\/p>\n","protected":false},"author":6,"featured_media":0,"template":"","meta":{"_tribe_events_status":"","_tribe_events_status_reason":"","footnotes":""},"tags":[51,49],"tribe_events_cat":[30],"class_list":["post-5236","tribe_events","type-tribe_events","status-publish","hentry","tag-agenda-randonnee","tag-randonnee","tribe_events_cat-evt-randonnee","cat_evt-randonnee"],"_links":{"self":[{"href":"https:\/\/www.hericsportsloisirs.fr\/blog\/wp-json\/wp\/v2\/tribe_events\/5236","targetHints":{"allow":["GET"]}}],"collection":[{"href":"https:\/\/www.hericsportsloisirs.fr\/blog\/wp-json\/wp\/v2\/tribe_events"}],"about":[{"href":"https:\/\/www.hericsportsloisirs.fr\/blog\/wp-json\/wp\/v2\/types\/tribe_events"}],"author":[{"embeddable":true,"href":"https:\/\/www.hericsportsloisirs.fr\/blog\/wp-json\/wp\/v2\/users\/6"}],"version-history":[{"count":3,"href":"https:\/\/www.hericsportsloisirs.fr\/blog\/wp-json\/wp\/v2\/tribe_events\/5236\/revisions"}],"predecessor-version":[{"id":5306,"href":"https:\/\/www.hericsportsloisirs.fr\/blog\/wp-json\/wp\/v2\/tribe_events\/5236\/revisions\/5306"}],"wp:attachment":[{"href":"https:\/\/www.hericsportsloisirs.fr\/blog\/wp-json\/wp\/v2\/media?parent=5236"}],"wp:term":[{"taxonomy":"post_tag","embeddable":true,"href":"https:\/\/www.hericsportsloisirs.fr\/blog\/wp-json\/wp\/v2\/tags?post=5236"},{"taxonomy":"tribe_events_cat","embeddable":true,"href":"https:\/\/www.hericsportsloisirs.fr\/blog\/wp-json\/wp\/v2\/tribe_events_cat?post=5236"}],"curies":[{"name":"wp","href":"https:\/\/api.w.org\/{rel}","templated":true}]}}

Randonnée à Vay

<p>Organisée par Thérèse et Bernadette. Randonnée de 10 kms. Départ à 13h30.</p>
<p>La commune est bordée à l&rsquo;ouest par la <a title="Forêt du Gâvre" href="https://fr.wikipedia.org/wiki/For%C3%AAt_du_G%C3%A2vre">forêt domaniale du Gâvre</a>. L&rsquo;étang de Clégreuc, sur le territoire de la commune, a une superficie de<span class="Apple-converted-space"> </span><span title="200 000 m² ou 0,2 km²">20</span> hectares. Il abrite une faune et une flore variées. On y trouve notamment le<span class="Apple-converted-space"> </span><a title="Butor étoilé" href="https://fr.wikipedia.org/wiki/Butor_%C3%A9toil%C3%A9">Butor étoilé</a>, une espèce rare et menacée d&rsquo;oiseau, et le<span class="Apple-converted-space"> </span><a class="mw-redirect" title="Flûteau nageant" href="https://fr.wikipedia.org/wiki/Fl%C3%BBteau_nageant">flûteau nageant</a>, une plante vivace, submergée et flottante qui bénéficie d&rsquo;une protection européenne<sup id="cite_ref-4" class="reference"></sup></p>
<p><sup id="cite_ref-4" class="reference"><a href="https://fr.wikipedia.org/wiki/Vay#cite_note-4"> L&rsquo;étang est déclaré </a><a title="Zone naturelle d'intérêt écologique, faunistique et floristique" href="https://fr.wikipedia.org/wiki/Zone_naturelle_d%27int%C3%A9r%C3%AAt_%C3%A9cologique,_faunistique_et_floristique">Zone naturelle d&rsquo;intérêt écologique, faunistique et floristique</a> depuis 1979.<sup id="cite_ref-5" class="reference"></sup></sup></p>
<p><a href="http://www.hericsportsloisirs.fr/blog/wp-content/uploads/2019/09/image-16.png"><img loading="lazy" decoding="async" class="alignnone size-medium wp-image-5301" src="http://www.hericsportsloisirs.fr/blog/wp-content/uploads/2019/09/image-16-300x225.png" alt="" width="300" height="225" /></a>  <a href="http://www.hericsportsloisirs.fr/blog/wp-content/uploads/2019/09/image-17.png"><img loading="lazy" decoding="async" class="alignnone size-medium wp-image-5302" src="http://www.hericsportsloisirs.fr/blog/wp-content/uploads/2019/09/image-17-300x225.png" alt="" width="300" height="225" /></a></p>

<p>Organisée par Thérèse et Bernadette. Randonnée de 10 kms. Départ à 13h30. La commune est bordée à l&rsquo;ouest par la forêt domaniale du Gâvre. L&rsquo;étang de Clégreuc, sur le territoire de [&hellip;]</p>
