{"id":4081,"date":"2018-09-11T21:10:43","date_gmt":"2018-09-11T20:10:43","guid":{"rendered":"http:\/\/www.hericsportsloisirs.fr\/blog\/?post_type=tribe_events&#038;p=4081"},"modified":"2018-12-14T08:17:24","modified_gmt":"2018-12-14T07:17:24","slug":"randonnee-au-pallet","status":"publish","type":"tribe_events","link":"https:\/\/www.hericsportsloisirs.fr\/blog\/evenement\/randonnee-au-pallet\/","title":{"rendered":"Randonn\u00e9e au Pallet"},"content":{"rendered":"<p>Organis\u00e9e par Claude. Randonn\u00e9e de 8 kms sur l&rsquo;apr\u00e8s-midi. D\u00e9part \u00e0 13h30 \u00e0 la salle des Fr\u00e9nouelles d&rsquo;H\u00e9ric.<\/p>\n<p><em>Le Pallet est situ\u00e9e au sein du <a title=\"Pays du Vignoble nantais\" href=\"https:\/\/fr.wikipedia.org\/wiki\/Pays_du_Vignoble_nantais\">Vignoble nantais<\/a>, la vitrine \u00e9conomique de cette commune rurale est la viticulture bien que depuis quelques ann\u00e9es des zones d&rsquo;activit\u00e9s se soient implant\u00e9es dans ce lieu, maintenant consid\u00e9r\u00e9 comme la p\u00e9riph\u00e9rie de la ville de <a title=\"Nantes\" href=\"https:\/\/fr.wikipedia.org\/wiki\/Nantes\">Nantes<\/a>.<\/em><\/p>\n<p><em>Cette randonn\u00e9e permettra de longer la S\u00e8vre en passant par un petit port et de circuler\u00a0 \u00e0 travers les vignes du Muscadet, tout en admirant les petits villages typiques et historiques du vignoble nantais.<\/em><\/p>\n<p><a href=\"http:\/\/www.hericsportsloisirs.fr\/blog\/wp-content\/uploads\/2018\/09\/image-3.png\"><img loading=\"lazy\" decoding=\"async\" class=\"alignnone size-full wp-image-4083\" src=\"http:\/\/www.hericsportsloisirs.fr\/blog\/wp-content\/uploads\/2018\/09\/image-3.png\" alt=\"\" width=\"272\" height=\"180\" \/><\/a>\u00a0 \u00a0<a href=\"http:\/\/www.hericsportsloisirs.fr\/blog\/wp-content\/uploads\/2018\/09\/image-4.png\"><img loading=\"lazy\" decoding=\"async\" class=\"alignnone size-full wp-image-4084\" src=\"http:\/\/www.hericsportsloisirs.fr\/blog\/wp-content\/uploads\/2018\/09\/image-4.png\" alt=\"\" width=\"259\" height=\"194\" \/><\/a><\/p>\n","protected":false},"excerpt":{"rendered":"<p>Organis\u00e9e par Claude. Randonn\u00e9e de 8 kms sur l&rsquo;apr\u00e8s-midi. D\u00e9part \u00e0 13h30 \u00e0 la salle des Fr\u00e9nouelles d&rsquo;H\u00e9ric. Le Pallet est situ\u00e9e au sein du Vignoble nantais, la vitrine \u00e9conomique [&hellip;]<\/p>\n","protected":false},"author":6,"featured_media":0,"template":"","meta":{"_tribe_events_status":"","_tribe_events_status_reason":"","footnotes":""},"tags":[51,49],"tribe_events_cat":[30],"class_list":["post-4081","tribe_events","type-tribe_events","status-publish","hentry","tag-agenda-randonnee","tag-randonnee","tribe_events_cat-evt-randonnee","cat_evt-randonnee"],"_links":{"self":[{"href":"https:\/\/www.hericsportsloisirs.fr\/blog\/wp-json\/wp\/v2\/tribe_events\/4081","targetHints":{"allow":["GET"]}}],"collection":[{"href":"https:\/\/www.hericsportsloisirs.fr\/blog\/wp-json\/wp\/v2\/tribe_events"}],"about":[{"href":"https:\/\/www.hericsportsloisirs.fr\/blog\/wp-json\/wp\/v2\/types\/tribe_events"}],"author":[{"embeddable":true,"href":"https:\/\/www.hericsportsloisirs.fr\/blog\/wp-json\/wp\/v2\/users\/6"}],"version-history":[{"count":4,"href":"https:\/\/www.hericsportsloisirs.fr\/blog\/wp-json\/wp\/v2\/tribe_events\/4081\/revisions"}],"predecessor-version":[{"id":4559,"href":"https:\/\/www.hericsportsloisirs.fr\/blog\/wp-json\/wp\/v2\/tribe_events\/4081\/revisions\/4559"}],"wp:attachment":[{"href":"https:\/\/www.hericsportsloisirs.fr\/blog\/wp-json\/wp\/v2\/media?parent=4081"}],"wp:term":[{"taxonomy":"post_tag","embeddable":true,"href":"https:\/\/www.hericsportsloisirs.fr\/blog\/wp-json\/wp\/v2\/tags?post=4081"},{"taxonomy":"tribe_events_cat","embeddable":true,"href":"https:\/\/www.hericsportsloisirs.fr\/blog\/wp-json\/wp\/v2\/tribe_events_cat?post=4081"}],"curies":[{"name":"wp","href":"https:\/\/api.w.org\/{rel}","templated":true}]}}

Randonnée au Pallet

<p>Organisée par Claude. Randonnée de 8 kms sur l&rsquo;après-midi. Départ à 13h30 à la salle des Frénouelles d&rsquo;Héric.</p>
<p><em>Le Pallet est située au sein du <a title="Pays du Vignoble nantais" href="https://fr.wikipedia.org/wiki/Pays_du_Vignoble_nantais">Vignoble nantais</a>, la vitrine économique de cette commune rurale est la viticulture bien que depuis quelques années des zones d&rsquo;activités se soient implantées dans ce lieu, maintenant considéré comme la périphérie de la ville de <a title="Nantes" href="https://fr.wikipedia.org/wiki/Nantes">Nantes</a>.</em></p>
<p><em>Cette randonnée permettra de longer la Sèvre en passant par un petit port et de circuler  à travers les vignes du Muscadet, tout en admirant les petits villages typiques et historiques du vignoble nantais.</em></p>
<p><a href="http://www.hericsportsloisirs.fr/blog/wp-content/uploads/2018/09/image-3.png"><img loading="lazy" decoding="async" class="alignnone size-full wp-image-4083" src="http://www.hericsportsloisirs.fr/blog/wp-content/uploads/2018/09/image-3.png" alt="" width="272" height="180" /></a>   <a href="http://www.hericsportsloisirs.fr/blog/wp-content/uploads/2018/09/image-4.png"><img loading="lazy" decoding="async" class="alignnone size-full wp-image-4084" src="http://www.hericsportsloisirs.fr/blog/wp-content/uploads/2018/09/image-4.png" alt="" width="259" height="194" /></a></p>

<p>Organisée par Claude. Randonnée de 8 kms sur l&rsquo;après-midi. Départ à 13h30 à la salle des Frénouelles d&rsquo;Héric. Le Pallet est située au sein du Vignoble nantais, la vitrine économique [&hellip;]</p>
